[INFO] cloning repository https://github.com/Hoblovski/S3E2
[INFO] running `Command { std: "git" "-c" "credential.helper=" "-c" "credential.helper=/workspace/cargo-home/bin/git-credential-null" "clone" "--bare" "https://github.com/Hoblovski/S3E2" "/workspace/cache/git-repos/https%3A%2F%2Fgithub.com%2FHoblovski%2FS3E2", kill_on_drop: false }`
[INFO] [stderr] Cloning into bare repository '/workspace/cache/git-repos/https%3A%2F%2Fgithub.com%2FHoblovski%2FS3E2'...
[INFO] running `Command { std: "git" "rev-parse" "HEAD", kill_on_drop: false }`
[INFO] [stdout] e7a4236eee88188e4515eea75956e383c11d38d5
[INFO] checking Hoblovski/S3E2 against master#cfbc6d4cf1acbac5c025acf8ed68929caa551df3 for pr-75494-beta
[INFO] running `Command { std: "git" "clone" "/workspace/cache/git-repos/https%3A%2F%2Fgithub.com%2FHoblovski%2FS3E2" "/workspace/builds/worker-1/source", kill_on_drop: false }`
[INFO] [stderr] Cloning into '/workspace/builds/worker-1/source'...
[INFO] [stderr] done.
[INFO] validating manifest of git repo https://github.com/Hoblovski/S3E2 on toolchain cfbc6d4cf1acbac5c025acf8ed68929caa551df3
[INFO] running `Command { std: "/workspace/cargo-home/bin/cargo" "+cfbc6d4cf1acbac5c025acf8ed68929caa551df3" "read-manifest" "--manifest-path" "Cargo.toml", kill_on_drop: false }`
[INFO] started tweaking git repo https://github.com/Hoblovski/S3E2
[INFO] removed path dependency z3 from git repo https://github.com/Hoblovski/S3E2
[INFO] finished tweaking git repo https://github.com/Hoblovski/S3E2
[INFO] tweaked toml for git repo https://github.com/Hoblovski/S3E2 written to /workspace/builds/worker-1/source/Cargo.toml
[INFO] crate git repo https://github.com/Hoblovski/S3E2 already has a lockfile, it will not be regenerated
[INFO] running `Command { std: "/workspace/cargo-home/bin/cargo" "+cfbc6d4cf1acbac5c025acf8ed68929caa551df3" "fetch" "--locked" "--manifest-path" "Cargo.toml", kill_on_drop: false }`
[INFO] [stderr] warning: dependency (z3) specified without providing a local path, Git repository, or version to use. This will be considered an error in future versions
[INFO] [stderr]     Updating crates.io index
[INFO] [stderr] error: the lock file /workspace/builds/worker-1/source/Cargo.lock needs to be updated but --locked was passed to prevent this
[INFO] [stderr] If you want to try to generate the lock file without accessing the network, use the --offline flag.
[INFO] the lockfile is outdated, regenerating it
[INFO] running `Command { std: "/workspace/cargo-home/bin/cargo" "+cfbc6d4cf1acbac5c025acf8ed68929caa551df3" "generate-lockfile" "--manifest-path" "Cargo.toml" "-Zno-index-update", kill_on_drop: false }`
[INFO] running `Command { std: "/workspace/cargo-home/bin/cargo" "+cfbc6d4cf1acbac5c025acf8ed68929caa551df3" "fetch" "--locked" "--manifest-path" "Cargo.toml", kill_on_drop: false }`
[INFO] [stderr] warning: dependency (z3) specified without providing a local path, Git repository, or version to use. This will be considered an error in future versions
[INFO] [stderr]  Downloading crates ...
[INFO] [stderr]   Downloaded z3 v0.6.0
[INFO] [stderr]   Downloaded z3-sys v0.6.2
[INFO] running `Command { std: "docker" "create" "-v" "/var/lib/crater-agent-workspace/builds/worker-1/target:/opt/rustwide/target:rw,Z" "-v" "/var/lib/crater-agent-workspace/builds/worker-1/source:/opt/rustwide/workdir:ro,Z" "-v" "/var/lib/crater-agent-workspace/cargo-home:/opt/rustwide/cargo-home:ro,Z" "-v" "/var/lib/crater-agent-workspace/rustup-home:/opt/rustwide/rustup-home:ro,Z" "-e" "SOURCE_DIR=/opt/rustwide/workdir" "-e" "CARGO_TARGET_DIR=/opt/rustwide/target" "-e" "CARGO_HOME=/opt/rustwide/cargo-home" "-e" "RUSTUP_HOME=/opt/rustwide/rustup-home" "-w" "/opt/rustwide/workdir" "-m" "1610612736" "--user" "0:0" "--network" "none" "rustops/crates-build-env@sha256:a636fd89d022f18117e1dc8fb37a0a009933cdbbe082814857f0e2024962d47c" "/opt/rustwide/cargo-home/bin/cargo" "+cfbc6d4cf1acbac5c025acf8ed68929caa551df3" "metadata" "--no-deps" "--format-version=1", kill_on_drop: false }`
[INFO] [stdout] 7603e706bf959c8eab6ca8be7763bf6f7891a36ee6b71073fc629245e216a5e3
[INFO] [stderr] WARNING: Your kernel does not support swap limit capabilities or the cgroup is not mounted. Memory limited without swap.
[INFO] running `Command { std: "docker" "start" "-a" "7603e706bf959c8eab6ca8be7763bf6f7891a36ee6b71073fc629245e216a5e3", kill_on_drop: false }`
[INFO] running `Command { std: "docker" "inspect" "7603e706bf959c8eab6ca8be7763bf6f7891a36ee6b71073fc629245e216a5e3", kill_on_drop: false }`
[INFO] running `Command { std: "docker" "rm" "-f" "7603e706bf959c8eab6ca8be7763bf6f7891a36ee6b71073fc629245e216a5e3", kill_on_drop: false }`
[INFO] [stdout] 7603e706bf959c8eab6ca8be7763bf6f7891a36ee6b71073fc629245e216a5e3
[INFO] running `Command { std: "docker" "create" "-v" "/var/lib/crater-agent-workspace/builds/worker-1/target:/opt/rustwide/target:rw,Z" "-v" "/var/lib/crater-agent-workspace/builds/worker-1/source:/opt/rustwide/workdir:ro,Z" "-v" "/var/lib/crater-agent-workspace/cargo-home:/opt/rustwide/cargo-home:ro,Z" "-v" "/var/lib/crater-agent-workspace/rustup-home:/opt/rustwide/rustup-home:ro,Z" "-e" "SOURCE_DIR=/opt/rustwide/workdir" "-e" "CARGO_TARGET_DIR=/opt/rustwide/target" "-e" "CARGO_INCREMENTAL=0" "-e" "RUST_BACKTRACE=full" "-e" "RUSTFLAGS=--cap-lints=forbid" "-e" "CARGO_HOME=/opt/rustwide/cargo-home" "-e" "RUSTUP_HOME=/opt/rustwide/rustup-home" "-w" "/opt/rustwide/workdir" "-m" "1610612736" "--user" "0:0" "--network" "none" "rustops/crates-build-env@sha256:a636fd89d022f18117e1dc8fb37a0a009933cdbbe082814857f0e2024962d47c" "/opt/rustwide/cargo-home/bin/cargo" "+cfbc6d4cf1acbac5c025acf8ed68929caa551df3" "check" "--frozen" "--all" "--all-targets" "--message-format=json", kill_on_drop: false }`
[INFO] [stdout] 47808fee5493b02709d910d99530697d9380d2e17694c4b642658cdc199e1c3e
[INFO] [stderr] WARNING: Your kernel does not support swap limit capabilities or the cgroup is not mounted. Memory limited without swap.
[INFO] running `Command { std: "docker" "start" "-a" "47808fee5493b02709d910d99530697d9380d2e17694c4b642658cdc199e1c3e", kill_on_drop: false }`
[INFO] [stderr] warning: dependency (z3) specified without providing a local path, Git repository, or version to use. This will be considered an error in future versions
[INFO] [stderr]    Compiling memchr v2.3.3
[INFO] [stderr]    Compiling z3-sys v0.6.2
[INFO] [stderr]     Checking regex-syntax v0.6.18
[INFO] [stderr]     Checking thread_local v1.0.1
[INFO] [stderr]     Checking log v0.4.11
[INFO] [stderr]     Checking z3 v0.6.0
[INFO] [stderr]     Checking aho-corasick v0.7.13
[INFO] [stderr]     Checking regex v1.3.9
[INFO] [stderr]     Checking env_logger v0.6.2
[INFO] [stderr]     Checking stupid-see v0.1.0 (/opt/rustwide/workdir)
[INFO] [stdout] error[E0412]: cannot find type `Ast` in crate `z3`
[INFO] [stdout]   --> src/executor.rs:13:43
[INFO] [stdout]    |
[INFO] [stdout] 13 | pub type ConstraintSet<'ctx> = Vec<Rc<z3::Ast<'ctx>>>;
[INFO] [stdout]    |                                           ^^^ not found in `z3`
[INFO] [stdout]    |
[INFO] [stdout] help: consider importing this trait
[INFO] [stdout]    |
[INFO] [stdout] 1  | use z3::ast::Ast;
[INFO] [stdout]    |
[INFO] [stdout] 
[INFO] [stdout] 
[INFO] [stdout] error[E0412]: cannot find type `Ast` in crate `z3`
[INFO] [stdout]   --> src/executor.rs:21:60
[INFO] [stdout]    |
[INFO] [stdout] 21 | pub type AbstractHeap<'ctx> = HashMap<&'static str, Rc<z3::Ast<'ctx>>>;
[INFO] [stdout]    |                                                            ^^^ not found in `z3`
[INFO] [stdout]    |
[INFO] [stdout] help: consider importing this trait
[INFO] [stdout]    |
[INFO] [stdout] 1  | use z3::ast::Ast;
[INFO] [stdout]    |
[INFO] [stdout] 
[INFO] [stdout] 
[INFO] [stdout] error[E0412]: cannot find type `Ast` in crate `z3`
[INFO] [stdout]   --> src/executor.rs:51:96
[INFO] [stdout]    |
[INFO] [stdout] 51 | fn evaluate<'ctx>(expr: &NatExpr, heap: &AbstractHeap<'ctx>, ctx: &'ctx z3::Context) -> Rc<z3::Ast<'ctx>> {
[INFO] [stdout]    |                                                                                                ^^^ not found in `z3`
[INFO] [stdout]    |
[INFO] [stdout] help: consider importing this trait
[INFO] [stdout]    |
[INFO] [stdout] 1  | use z3::ast::Ast;
[INFO] [stdout]    |
[INFO] [stdout] 
[INFO] [stdout] 
[INFO] [stdout] error[E0433]: failed to resolve: could not find `Ast` in `z3`
[INFO] [stdout]   --> src/executor.rs:54:25
[INFO] [stdout]    |
[INFO] [stdout] 54 |             Rc::new(z3::Ast::bv32_from_u64(ctx, *v as u64)),
[INFO] [stdout]    |                         ^^^ not found in `z3`
[INFO] [stdout]    |
[INFO] [stdout] help: consider importing this trait
[INFO] [stdout]    |
[INFO] [stdout] 1  | use z3::ast::Ast;
[INFO] [stdout]    |
[INFO] [stdout] 
[INFO] [stdout] 
[INFO] [stdout] error[E0412]: cannot find type `Ast` in crate `z3`
[INFO] [stdout]   --> src/executor.rs:82:102
[INFO] [stdout]    |
[INFO] [stdout] 82 | fn evaluate_bool<'ctx>(expr: &BoolExpr, heap: &AbstractHeap<'ctx>, ctx: &'ctx z3::Context) -> Rc<z3::Ast<'ctx>> {
[INFO] [stdout]    |                                                                                                      ^^^ not found in `z3`
[INFO] [stdout]    |
[INFO] [stdout] help: consider importing this trait
[INFO] [stdout]    |
[INFO] [stdout] 1  | use z3::ast::Ast;
[INFO] [stdout]    |
[INFO] [stdout] 
[INFO] [stdout] 
[INFO] [stdout] error[E0554]: `#![feature]` may not be used on the beta release channel
[INFO] [stdout]  --> src/lib.rs:1:1
[INFO] [stdout]   |
[INFO] [stdout] 1 | #![feature(box_patterns)]
[INFO] [stdout]   | ^^^^^^^^^^^^^^^^^^^^^^^^^
[INFO] [stdout] 
[INFO] [stdout] 
[INFO] [stdout] error[E0412]: cannot find type `Ast` in crate `z3`
[INFO] [stdout]   --> src/executor.rs:13:43
[INFO] [stdout]    |
[INFO] [stdout] 13 | pub type ConstraintSet<'ctx> = Vec<Rc<z3::Ast<'ctx>>>;
[INFO] [stdout]    |                                           ^^^ not found in `z3`
[INFO] [stdout]    |
[INFO] [stdout] help: consider importing this trait
[INFO] [stdout]    |
[INFO] [stdout] 1  | use z3::ast::Ast;
[INFO] [stdout]    |
[INFO] [stdout] 
[INFO] [stdout] 
[INFO] [stdout] error[E0412]: cannot find type `Ast` in crate `z3`
[INFO] [stdout]   --> src/executor.rs:21:60
[INFO] [stdout]    |
[INFO] [stdout] 21 | pub type AbstractHeap<'ctx> = HashMap<&'static str, Rc<z3::Ast<'ctx>>>;
[INFO] [stdout]    |                                                            ^^^ not found in `z3`
[INFO] [stdout]    |
[INFO] [stdout] help: consider importing this trait
[INFO] [stdout]    |
[INFO] [stdout] 1  | use z3::ast::Ast;
[INFO] [stdout]    |
[INFO] [stdout] 
[INFO] [stdout] 
[INFO] [stdout] error[E0412]: cannot find type `Ast` in crate `z3`
[INFO] [stdout]   --> src/executor.rs:51:96
[INFO] [stdout]    |
[INFO] [stdout] 51 | fn evaluate<'ctx>(expr: &NatExpr, heap: &AbstractHeap<'ctx>, ctx: &'ctx z3::Context) -> Rc<z3::Ast<'ctx>> {
[INFO] [stdout]    |                                                                                                ^^^ not found in `z3`
[INFO] [stdout]    |
[INFO] [stdout] help: consider importing this trait
[INFO] [stdout]    |
[INFO] [stdout] 1  | use z3::ast::Ast;
[INFO] [stdout]    |
[INFO] [stdout] 
[INFO] [stdout] 
[INFO] [stdout] error[E0433]: failed to resolve: could not find `Ast` in `z3`
[INFO] [stdout]   --> src/executor.rs:54:25
[INFO] [stdout]    |
[INFO] [stdout] 54 |             Rc::new(z3::Ast::bv32_from_u64(ctx, *v as u64)),
[INFO] [stdout]    |                         ^^^ not found in `z3`
[INFO] [stdout]    |
[INFO] [stdout] help: consider importing this trait
[INFO] [stdout]    |
[INFO] [stdout] 1  | use z3::ast::Ast;
[INFO] [stdout]    |
[INFO] [stdout] 
[INFO] [stdout] 
[INFO] [stdout] error[E0412]: cannot find type `Ast` in crate `z3`
[INFO] [stdout]   --> src/executor.rs:82:102
[INFO] [stdout]    |
[INFO] [stdout] 82 | fn evaluate_bool<'ctx>(expr: &BoolExpr, heap: &AbstractHeap<'ctx>, ctx: &'ctx z3::Context) -> Rc<z3::Ast<'ctx>> {
[INFO] [stdout]    |                                                                                                      ^^^ not found in `z3`
[INFO] [stdout]    |
[INFO] [stdout] help: consider importing this trait
[INFO] [stdout]    |
[INFO] [stdout] 1  | use z3::ast::Ast;
[INFO] [stdout]    |
[INFO] [stdout] 
[INFO] [stdout] 
[INFO] [stdout] error[E0554]: `#![feature]` may not be used on the beta release channel
[INFO] [stdout]  --> src/lib.rs:1:1
[INFO] [stdout]   |
[INFO] [stdout] 1 | #![feature(box_patterns)]
[INFO] [stdout]   | ^^^^^^^^^^^^^^^^^^^^^^^^^
[INFO] [stdout] 
[INFO] [stdout] 
[INFO] [stdout] error[E0392]: parameter `'ctx` is never used
[INFO] [stdout]   --> src/executor.rs:25:18
[INFO] [stdout]    |
[INFO] [stdout] 25 | pub struct State<'ctx, 'stmt> {
[INFO] [stdout]    |                  ^^^^ unused parameter
[INFO] [stdout]    |
[INFO] [stdout]    = help: consider removing `'ctx`, referring to it in a field, or using a marker such as `std::marker::PhantomData`
[INFO] [stdout] 
[INFO] [stdout] 
[INFO] [stdout] error[E0392]: parameter `'ctx` is never used
[INFO] [stdout]   --> src/executor.rs:25:18
[INFO] [stdout]    |
[INFO] [stdout] 25 | pub struct State<'ctx, 'stmt> {
[INFO] [stdout]    |                  ^^^^ unused parameter
[INFO] [stdout]    |
[INFO] [stdout]    = help: consider removing `'ctx`, referring to it in a field, or using a marker such as `std::marker::PhantomData`
[INFO] [stdout] 
[INFO] [stdout] 
[INFO] [stderr] error: could not compile `stupid-see`.
[INFO] [stdout] error: aborting due to 7 previous errors
[INFO] [stdout] 
[INFO] [stdout] 
[INFO] [stderr] 
[INFO] [stdout] Some errors have detailed explanations: E0392, E0412, E0433, E0554.
[INFO] [stdout] 
[INFO] [stderr] To learn more, run the command again with --verbose.
[INFO] [stdout] For more information about an error, try `rustc --explain E0392`.
[INFO] [stdout] 
[INFO] [stderr] warning: build failed, waiting for other jobs to finish...
[INFO] [stdout] error: aborting due to 7 previous errors
[INFO] [stdout] 
[INFO] [stdout] 
[INFO] [stdout] Some errors have detailed explanations: E0392, E0412, E0433, E0554.
[INFO] [stdout] 
[INFO] [stdout] For more information about an error, try `rustc --explain E0392`.
[INFO] [stdout] 
[INFO] [stderr] error: build failed
[INFO] running `Command { std: "docker" "inspect" "47808fee5493b02709d910d99530697d9380d2e17694c4b642658cdc199e1c3e", kill_on_drop: false }`
[INFO] running `Command { std: "docker" "rm" "-f" "47808fee5493b02709d910d99530697d9380d2e17694c4b642658cdc199e1c3e", kill_on_drop: false }`
[INFO] [stdout] 47808fee5493b02709d910d99530697d9380d2e17694c4b642658cdc199e1c3e
